{"id":727,"date":"2018-10-16T10:49:28","date_gmt":"2018-10-16T10:49:28","guid":{"rendered":"http:\/\/tt3.ch\/?page_id=727"},"modified":"2022-01-06T08:28:30","modified_gmt":"2022-01-06T08:28:30","slug":"achat-klaus-nomi","status":"publish","type":"page","link":"https:\/\/tt3.ch\/index.php\/soutiens\/achat-klaus-nomi\/","title":{"rendered":"Achat Klaus Nomi"},"content":{"rendered":"\n<figure class=\"wp-block-image size-large\"><img loading=\"lazy\" decoding=\"async\" width=\"1024\" height=\"992\" src=\"https:\/\/tt3.ch\/wp-content\/uploads\/2018\/10\/CA367CBD-65A6-4DC5-AA00-26AEF211E4C3-1024x992.jpeg\" alt=\"\" class=\"wp-image-710\" srcset=\"https:\/\/tt3.ch\/wp-content\/uploads\/2018\/10\/CA367CBD-65A6-4DC5-AA00-26AEF211E4C3-1024x992.jpeg 1024w, https:\/\/tt3.ch\/wp-content\/uploads\/2018\/10\/CA367CBD-65A6-4DC5-AA00-26AEF211E4C3-300x291.jpeg 300w, https:\/\/tt3.ch\/wp-content\/uploads\/2018\/10\/CA367CBD-65A6-4DC5-AA00-26AEF211E4C3-768x744.jpeg 768w, https:\/\/tt3.ch\/wp-content\/uploads\/2018\/10\/CA367CBD-65A6-4DC5-AA00-26AEF211E4C3-370x358.jpeg 370w, https:\/\/tt3.ch\/wp-content\/uploads\/2018\/10\/CA367CBD-65A6-4DC5-AA00-26AEF211E4C3-1040x1007.jpeg 1040w\" sizes=\"auto, (max-width: 1024px) 100vw, 1024px\" \/><\/figure>\n\n\n<h3><span style=\"color: #ff0000;\">Livre de 48 pages, texte int\u00e9gral de Pierre Lepori, treize dessins couleur par Albertine, CD de 1h (avec C\u00e9dric Leproust et Marc Berman), pr\u00e9face de Cathy Ytak, Editions HumuS (Lausanne), une coproduction avec le Th\u00e9\u00e2tre Tome Trois (TT3).<\/span><\/h3>\n<h3>Voulez-vous y go\u00fbter? Rien de plus simple, voire de banal, courez sans tr\u00e9bucher dans la librairie la plus proche, en Suisse ou en France. Ou alors, remplissez le formulaire ci-dessous&#8230; vous recevrez votre <span style=\"color: #ff0000;\">Klausy<\/span> fr\u00e9tillant par la poste, vous n&rsquo;aurez plus qu&rsquo;\u00e0 glisser la galette dans le vieux machin pour \u00e9couter les disques (eh oui, \u00e7a existe encore!). Et puis, et puis&#8230; d\u00e9lectation, vrombissement, douces m\u00e9lop\u00e9es enveloppantes, vous serez ravi.e.s en ex-TASE, comme la Sainte Th\u00e9r\u00e8se de Bernini (roulez le <em>r<\/em> svp.)!<\/h3>\n<h3>Allez-y!<\/h3>\n<h3><span style=\"color: #ff0000;\">Prix 20 Fr. (18 Euros)<\/span><\/h3>\n<h3>+ frais d&rsquo;envoi (5 Fr.\/Suisse; 7 Euros\/France), <span style=\"color: #ff0000;\">payement sur facture (paypal bient\u00f4t disponible)<\/span><\/h3>\n\n<div class=\"wpcf7 no-js\" id=\"wpcf7-f745-o1\" lang=\"fr-FR\" dir=\"ltr\" data-wpcf7-id=\"745\">\n<div class=\"screen-reader-response\"><p role=\"status\" aria-live=\"polite\" aria-atomic=\"true\"><\/p> <ul><\/ul><\/div>\n<form action=\"\/index.php\/wp-json\/wp\/v2\/pages\/727#wpcf7-f745-o1\" method=\"post\" class=\"wpcf7-form init\" aria-label=\"Formulaire de contact\" novalidate=\"novalidate\" data-status=\"init\">\n<div style=\"display: none;\">\n<input type=\"hidden\" name=\"_wpcf7\" value=\"745\" \/>\n<input type=\"hidden\" name=\"_wpcf7_version\" value=\"6.0.6\" \/>\n<input type=\"hidden\" name=\"_wpcf7_locale\" value=\"fr_FR\" \/>\n<input type=\"hidden\" name=\"_wpcf7_unit_tag\" value=\"wpcf7-f745-o1\" \/>\n<input type=\"hidden\" name=\"_wpcf7_container_post\" value=\"0\" \/>\n<input type=\"hidden\" name=\"_wpcf7_posted_data_hash\" value=\"\" \/>\n<\/div>\n<p><label> Votre nom (obligatoire)<br \/>\n<span class=\"wpcf7-form-control-wrap\" data-name=\"your-name\"><input size=\"40\" maxlength=\"400\" class=\"wpcf7-form-control wpcf7-text wpcf7-validates-as-required\" aria-required=\"true\" aria-invalid=\"false\" value=\"\" type=\"text\" name=\"your-name\" \/><\/span> <\/label>\n<\/p>\n<p><label> Votre adresse de messagerie<br \/>\n<span class=\"wpcf7-form-control-wrap\" data-name=\"your-email\"><input size=\"40\" maxlength=\"400\" class=\"wpcf7-form-control wpcf7-email wpcf7-validates-as-required wpcf7-text wpcf7-validates-as-email\" aria-required=\"true\" aria-invalid=\"false\" value=\"\" type=\"email\" name=\"your-email\" \/><\/span> <\/label>\n<\/p>\n<p><label> Nombre de copies d\u00e9sir\u00e9es<br \/>\n<span class=\"wpcf7-form-control-wrap\" data-name=\"your-subject\"><input size=\"40\" maxlength=\"400\" class=\"wpcf7-form-control wpcf7-text wpcf7-validates-as-required\" aria-required=\"true\" aria-invalid=\"false\" value=\"\" type=\"text\" name=\"your-subject\" \/><\/span> <\/label>\n<\/p>\n<p><label> Adresse postale (et pays)<br \/>\n<span class=\"wpcf7-form-control-wrap\" data-name=\"your-message\"><input size=\"40\" maxlength=\"400\" class=\"wpcf7-form-control wpcf7-text wpcf7-validates-as-required\" aria-required=\"true\" aria-invalid=\"false\" value=\"\" type=\"text\" name=\"your-message\" \/><\/span> <\/label>\n<\/p>\n<p><label> Message (optionnel)<br \/>\n<span class=\"wpcf7-form-control-wrap\" data-name=\"your-message2\"><input size=\"40\" maxlength=\"400\" class=\"wpcf7-form-control wpcf7-text\" aria-invalid=\"false\" value=\"\" type=\"text\" name=\"your-message2\" \/><\/span> <\/label>\n<\/p>\n<p><input class=\"wpcf7-form-control wpcf7-submit has-spinner\" type=\"submit\" value=\"Envoyer\" \/>\n<\/p><div class=\"wpcf7-response-output\" aria-hidden=\"true\"><\/div>\n<\/form>\n<\/div>\n\n<p><strong><span style=\"color: #0000ff;\">ET SI \u00e7A NE MARCHE PAS? ENVOYEZ-NOUS UN E-MAIL: CONTACT @ TT3.CH<\/span><\/strong><\/p>","protected":false},"excerpt":{"rendered":"<p>Livre de 48 pages, texte int\u00e9gral de Pierre Lepori, treize dessins couleur par Albertine, CD de 1h (avec C\u00e9dric Leproust et Marc Berman), pr\u00e9face de Cathy Ytak, Editions HumuS (Lausanne), une coproduction avec le Th\u00e9\u00e2tre Tome Trois (TT3). Voulez-vous y go\u00fbter? Rien de plus simple, voire de banal, courez sans tr\u00e9bucher dans la librairie la&hellip;<a href=\"https:\/\/tt3.ch\/index.php\/soutiens\/achat-klaus-nomi\/\" class=\"more-link\">Continue reading <span class=\"screen-reader-text\">Achat Klaus Nomi<\/span><\/a><\/p>\n","protected":false},"author":1,"featured_media":0,"parent":133,"menu_order":1,"comment_status":"closed","ping_status":"closed","template":"","meta":{"footnotes":""},"class_list":["post-727","page","type-page","status-publish","hentry"],"_links":{"self":[{"href":"https:\/\/tt3.ch\/index.php\/wp-json\/wp\/v2\/pages\/727","targetHints":{"allow":["GET"]}}],"collection":[{"href":"https:\/\/tt3.ch\/index.php\/wp-json\/wp\/v2\/pages"}],"about":[{"href":"https:\/\/tt3.ch\/index.php\/wp-json\/wp\/v2\/types\/page"}],"author":[{"embeddable":true,"href":"https:\/\/tt3.ch\/index.php\/wp-json\/wp\/v2\/users\/1"}],"replies":[{"embeddable":true,"href":"https:\/\/tt3.ch\/index.php\/wp-json\/wp\/v2\/comments?post=727"}],"version-history":[{"count":16,"href":"https:\/\/tt3.ch\/index.php\/wp-json\/wp\/v2\/pages\/727\/revisions"}],"predecessor-version":[{"id":980,"href":"https:\/\/tt3.ch\/index.php\/wp-json\/wp\/v2\/pages\/727\/revisions\/980"}],"up":[{"embeddable":true,"href":"https:\/\/tt3.ch\/index.php\/wp-json\/wp\/v2\/pages\/133"}],"wp:attachment":[{"href":"https:\/\/tt3.ch\/index.php\/wp-json\/wp\/v2\/media?parent=727"}],"curies":[{"name":"wp","href":"https:\/\/api.w.org\/{rel}","templated":true}]}}

<figure class="wp-block-image size-large"><img loading="lazy" decoding="async" width="1024" height="992" src="https://tt3.ch/wp-content/uploads/2018/10/CA367CBD-65A6-4DC5-AA00-26AEF211E4C3-1024x992.jpeg" alt="" class="wp-image-710" srcset="https://tt3.ch/wp-content/uploads/2018/10/CA367CBD-65A6-4DC5-AA00-26AEF211E4C3-1024x992.jpeg 1024w, https://tt3.ch/wp-content/uploads/2018/10/CA367CBD-65A6-4DC5-AA00-26AEF211E4C3-300x291.jpeg 300w, https://tt3.ch/wp-content/uploads/2018/10/CA367CBD-65A6-4DC5-AA00-26AEF211E4C3-768x744.jpeg 768w, https://tt3.ch/wp-content/uploads/2018/10/CA367CBD-65A6-4DC5-AA00-26AEF211E4C3-370x358.jpeg 370w, https://tt3.ch/wp-content/uploads/2018/10/CA367CBD-65A6-4DC5-AA00-26AEF211E4C3-1040x1007.jpeg 1040w" sizes="auto, (max-width: 1024px) 100vw, 1024px" /></figure>


<h3><span style="color: #ff0000;">Livre de 48 pages, texte intégral de Pierre Lepori, treize dessins couleur par Albertine, CD de 1h (avec Cédric Leproust et Marc Berman), préface de Cathy Ytak, Editions HumuS (Lausanne), une coproduction avec le Théâtre Tome Trois (TT3).</span></h3>
<h3>Voulez-vous y goûter? Rien de plus simple, voire de banal, courez sans trébucher dans la librairie la plus proche, en Suisse ou en France. Ou alors, remplissez le formulaire ci-dessous&#8230; vous recevrez votre <span style="color: #ff0000;">Klausy</span> frétillant par la poste, vous n&rsquo;aurez plus qu&rsquo;à glisser la galette dans le vieux machin pour écouter les disques (eh oui, ça existe encore!). Et puis, et puis&#8230; délectation, vrombissement, douces mélopées enveloppantes, vous serez ravi.e.s en ex-TASE, comme la Sainte Thérèse de Bernini (roulez le <em>r</em> svp.)!</h3>
<h3>Allez-y!</h3>
<h3><span style="color: #ff0000;">Prix 20 Fr. (18 Euros)</span></h3>
<h3>+ frais d&rsquo;envoi (5 Fr./Suisse; 7 Euros/France), <span style="color: #ff0000;">payement sur facture (paypal bientôt disponible)</span></h3>

<div class="wpcf7 no-js" id="wpcf7-f745-o1" lang="fr-FR" dir="ltr" data-wpcf7-id="745">
<div class="screen-reader-response"><p role="status" aria-live="polite" aria-atomic="true"></p> <ul></ul></div>
<form action="/index.php/wp-json/wp/v2/pages/727#wpcf7-f745-o1" method="post" class="wpcf7-form init" aria-label="Formulaire de contact" novalidate="novalidate" data-status="init">
<div style="display: none;">
<input type="hidden" name="_wpcf7" value="745" />
<input type="hidden" name="_wpcf7_version" value="6.0.6" />
<input type="hidden" name="_wpcf7_locale" value="fr_FR" />
<input type="hidden" name="_wpcf7_unit_tag" value="wpcf7-f745-o1" />
<input type="hidden" name="_wpcf7_container_post" value="0" />
<input type="hidden" name="_wpcf7_posted_data_hash" value="" />
</div>
<p><label> Votre nom (obligatoire)<br />
<span class="wpcf7-form-control-wrap" data-name="your-name"><input size="40" maxlength="400" class="wpcf7-form-control wpcf7-text wpcf7-validates-as-required" aria-required="true" aria-invalid="false" value="" type="text" name="your-name" /></span> </label>
</p>
<p><label> Votre adresse de messagerie<br />
<span class="wpcf7-form-control-wrap" data-name="your-email"><input size="40" maxlength="400" class="wpcf7-form-control wpcf7-email wpcf7-validates-as-required wpcf7-text wpcf7-validates-as-email" aria-required="true" aria-invalid="false" value="" type="email" name="your-email" /></span> </label>
</p>
<p><label> Nombre de copies désirées<br />
<span class="wpcf7-form-control-wrap" data-name="your-subject"><input size="40" maxlength="400" class="wpcf7-form-control wpcf7-text wpcf7-validates-as-required" aria-required="true" aria-invalid="false" value="" type="text" name="your-subject" /></span> </label>
</p>
<p><label> Adresse postale (et pays)<br />
<span class="wpcf7-form-control-wrap" data-name="your-message"><input size="40" maxlength="400" class="wpcf7-form-control wpcf7-text wpcf7-validates-as-required" aria-required="true" aria-invalid="false" value="" type="text" name="your-message" /></span> </label>
</p>
<p><label> Message (optionnel)<br />
<span class="wpcf7-form-control-wrap" data-name="your-message2"><input size="40" maxlength="400" class="wpcf7-form-control wpcf7-text" aria-invalid="false" value="" type="text" name="your-message2" /></span> </label>
</p>
<p><input class="wpcf7-form-control wpcf7-submit has-spinner" type="submit" value="Envoyer" />
</p><div class="wpcf7-response-output" aria-hidden="true"></div>
</form>
</div>

<p><strong><span style="color: #0000ff;">ET SI çA NE MARCHE PAS? ENVOYEZ-NOUS UN E-MAIL: CONTACT @ TT3.CH</span></strong></p>

<p>Livre de 48 pages, texte intégral de Pierre Lepori, treize dessins couleur par Albertine, CD de 1h (avec Cédric Leproust et Marc Berman), préface de Cathy Ytak, Editions HumuS (Lausanne), une coproduction avec le Théâtre Tome Trois (TT3). Voulez-vous y goûter? Rien de plus simple, voire de banal, courez sans trébucher dans la librairie la&hellip;<a href="https://tt3.ch/index.php/soutiens/achat-klaus-nomi/" class="more-link">Continue reading <span class="screen-reader-text">Achat Klaus Nomi</span></a></p>
